{"id":70,"date":"2021-11-19T02:17:31","date_gmt":"2021-11-19T02:17:31","guid":{"rendered":"http:\/\/oga.sillustanirestaurant.com\/?page_id=70"},"modified":"2024-06-21T16:23:35","modified_gmt":"2024-06-21T16:23:35","slug":"contacto","status":"publish","type":"page","link":"https:\/\/gestionambiental.unap.edu.pe\/?page_id=70","title":{"rendered":"Categor\u00edas\/Indicadores"},"content":{"rendered":"\n<div class=\"wp-block-columns\">\n<div class=\"wp-block-column\" style=\"flex-basis:100%\">\n<div class=\"wp-block-group\"><div class=\"wp-block-group__inner-container\">\n<div class=\"wp-block-media-text alignwide is-stacked-on-mobile\" style=\"grid-template-columns:17% auto\"><figure class=\"wp-block-media-text__media\"><img loading=\"lazy\" width=\"920\" height=\"951\" src=\"https:\/\/gestionambiental.unap.edu.pe\/wp-content\/uploads\/2022\/12\/png-transparent-environmental-governance-environmental-law-natural-environment-government-class-introduction-leaf-text-logo.png\" alt=\"\" class=\"wp-image-517 size-full\"\/><\/figure><div class=\"wp-block-media-text__content\">\n<p class=\"has-large-font-size\"><\/p>\n<\/div><\/div>\n<\/div><\/div>\n\n\n\n<div class=\"wp-block-media-text alignwide is-stacked-on-mobile\" style=\"grid-template-columns:15% auto\"><figure class=\"wp-block-media-text__media\"><img loading=\"lazy\" width=\"920\" height=\"1380\" src=\"https:\/\/gestionambiental.unap.edu.pe\/wp-content\/uploads\/2022\/12\/png-transparent-natural-environment-global-warming-climate-change-sustainability-health-natural-environment-leaf-recycling-computer-wallpaper-2.png\" alt=\"\" class=\"wp-image-515 size-full\"\/><\/figure><div class=\"wp-block-media-text__content\">\n<p class=\"has-black-color has-vivid-green-cyan-background-color has-text-color has-background has-large-font-size\"><strong>GESTI\u00d3N AMBIENTAL<\/strong> <\/p>\n<\/div><\/div>\n\n\n\n<div class=\"wp-block-group\"><div class=\"wp-block-group__inner-container\">\n<div class=\"wp-block-columns\">\n<div class=\"wp-block-column\" style=\"flex-basis:33.33%\">\n<p><img loading=\"lazy\" width=\"900\" height=\"900\" class=\"wp-image-537\" style=\"width: 85px;\" src=\"https:\/\/gestionambiental.unap.edu.pe\/wp-content\/uploads\/2022\/12\/kisspng-solar-power-solar-panels-renewable-energy-solar-en-halil-bilgin-software-engineering-student-5ced35d0bae9d6.8406242115590496807656.png\" alt=\"\">Energ\u00eda <\/p>\n<\/div>\n\n\n\n<div class=\"wp-block-column\" style=\"flex-basis:33.33%\">\n<p><img loading=\"lazy\" width=\"512\" height=\"512\" class=\"wp-image-538\" style=\"width: 85px;\" src=\"https:\/\/gestionambiental.unap.edu.pe\/wp-content\/uploads\/2022\/12\/6417084.png\" alt=\"\">Agua <\/p>\n<\/div>\n\n\n\n<div class=\"wp-block-column\" style=\"flex-basis:33.33%\">\n<p><img loading=\"lazy\" width=\"840\" height=\"1182\" class=\"wp-image-540\" style=\"width: 85px;\" src=\"https:\/\/gestionambiental.unap.edu.pe\/wp-content\/uploads\/2022\/12\/reciclaje-del-papel-18580710-1.png\" alt=\"\">Papel <\/p>\n<\/div>\n<\/div>\n<\/div><\/div>\n\n\n\n<div class=\"wp-block-columns\">\n<div class=\"wp-block-column\">\n<div class=\"wp-block-columns\">\n<div class=\"wp-block-column\">\n<p><img loading=\"lazy\" width=\"200\" height=\"160\" class=\"wp-image-541\" style=\"width: 85px;\" src=\"https:\/\/gestionambiental.unap.edu.pe\/wp-content\/uploads\/2022\/12\/images_m.png\" alt=\"\">Pl\u00e1stico<\/p>\n<\/div>\n\n\n\n<div class=\"wp-block-column\">\n<p><img loading=\"lazy\" width=\"620\" height=\"321\" class=\"wp-image-542\" style=\"width: 85px;\" src=\"https:\/\/gestionambiental.unap.edu.pe\/wp-content\/uploads\/2022\/12\/db6ced1a4fa617a293658f503358cbec.png\" alt=\"\">Residuos S\u00f3lidos <\/p>\n<\/div>\n\n\n\n<div class=\"wp-block-column\">\n<p><img loading=\"lazy\" width=\"1024\" height=\"768\" class=\"wp-image-543\" style=\"width: 85px;\" src=\"https:\/\/gestionambiental.unap.edu.pe\/wp-content\/uploads\/2022\/12\/WhatsApp-Image-2021-12-03-at-20.05.53-1024x768-1.jpeg\" alt=\"\">\u00c1reas verdes <\/p>\n<\/div>\n<\/div>\n<\/div>\n<\/div>\n\n\n\n<h3 class=\"has-black-color has-light-green-cyan-background-color has-text-color has-background\"><em>&#8211; Fuentes de energ\u00edas renovables <\/em><\/h3>\n\n\n\n<p>La universidad posee fuentes de energ\u00eda renovables instalada y utilizada en la ciudad universitaria y centros experimentales, adem\u00e1s se monitorea la cantidad de energ\u00eda producida.<\/p>\n\n\n\n<h3 class=\"has-light-green-cyan-background-color has-background\">&#8211; <em>Acciones institucionalizadas para reducir el uso de papel y pl\u00e1stico<\/em><\/h3>\n\n\n\n<p><strong>Papel <\/strong><\/p>\n\n\n\n<figure class=\"wp-block-table\"><table><tbody><tr><td><a href=\"https:\/\/www.youtube.com\/watch?v=v75AYoo5yEk\" target=\"_blank\" rel=\"noreferrer noopener\">https:\/\/www.youtube.com\/watch?v=v75AYoo5yEk<\/a><\/td><\/tr><\/tbody><\/table><\/figure>\n\n\n\n<p><a href=\"https:\/\/drive.google.com\/file\/d\/1oKyEIR60_L-2LxEbN0a4_t4Zm4Rje2Cv\/view?usp=sharing\" target=\"_blank\" rel=\"noreferrer noopener\">https:\/\/drive.google.com\/file\/d\/1oKyEIR60_L-2LxEbN0a4_t4Zm4Rje2Cv\/view?usp=sharing<\/a><\/p>\n\n\n\n<p><strong>Pl\u00e1stico<\/strong><\/p>\n\n\n\n<figure class=\"wp-block-table\"><table><tbody><tr><td><a href=\"https:\/\/gestionambiental.unap.edu.pe\/?eventos=monitoreo-de-cero-bolsas-de-plastico-de-un-solo-uso-y-recipientes-o-envases-descartables-y-uso-de-botellas-de-sobrevivencia-tomatodo-por-la-poblacion-universitaria\" target=\"_blank\" rel=\"noreferrer noopener\">https:\/\/gestionambiental.unap.edu.pe\/?eventos=monitoreo-de-cero-bolsas-de-plastico-de-un-solo-uso-y-recipientes-o-envases-descartables-y-uso-de-botellas-de-sobrevivencia-tomatodo-por-la-poblacion-universitaria<\/a><\/td><\/tr><\/tbody><\/table><\/figure>\n\n\n\n<p> <a rel=\"noreferrer noopener\" href=\"https:\/\/gestionambiental.unap.edu.pe\/?eventos=promocion-del-uso-de-botellas-de-sobrevivencia-tomatodos\" target=\"_blank\">https:\/\/gestionambiental.unap.edu.pe\/?eventos=promocion-del-uso-de-botellas-de-sobrevivencia-tomatodos<\/a> <\/p>\n\n\n\n<figure class=\"wp-block-table\"><table><tbody><tr><td><a href=\"https:\/\/drive.google.com\/file\/d\/1Clto7hEuzWHTPEowNcoHO1zIKWei_ARQ\/view?usp=sharing\" target=\"_blank\" rel=\"noreferrer noopener\">https:\/\/drive.google.com\/file\/d\/1Clto7hEuzWHTPEowNcoHO1zIKWei_ARQ\/view?usp=sharing<\/a><\/td><\/tr><\/tbody><\/table><\/figure>\n\n\n\n<figure class=\"wp-block-table\"><table><tbody><tr><td><a href=\"https:\/\/gestionambiental.unap.edu.pe\/?eventos=uso-de-utensilios-biodegradables-y-reutilizables-en-quioscos-de-la-universidad\" target=\"_blank\" rel=\"noreferrer noopener\">https:\/\/gestionambiental.unap.edu.pe\/?eventos=uso-de-utensilios-biodegradables-y-reutilizables-en-quioscos-de-la-universidad<\/a><\/td><\/tr><\/tbody><\/table><\/figure>\n\n\n\n<h3 class=\"has-light-green-cyan-background-color has-background\">&#8211; Acciones institucionalizadas para el manejo de residuos solidos<\/h3>\n\n\n\n<p class=\"has-text-align-left\"><strong>Residuos Comunes <\/strong><\/p>\n\n\n\n<p><\/p>\n\n\n\n<p class=\"has-text-align-left\"><strong>Residuos Biocontaminados <\/strong><\/p>\n\n\n\n<p><\/p>\n\n\n\n<p class=\"has-text-align-left\"><\/p>\n\n\n\n<p><strong>Residuos Peligrosos <\/strong><\/p>\n\n\n\n<p>Es aquel residuo que en cualquier estado f\u00edsico, que por su peligrosidad intr\u00ednseca (toxico, corrosivo, reactivo, inflamable, explosivo, infeccioso, ecot\u00f3xico) pueden causar da\u00f1os a la salud y el ambiente. De estos el sector universitario es uno de los cuales que generan por el uso de laboratorios, los cuales al no tratarlo representan un peligro inminente hacia el medio ambiente. La Universidad a trav\u00e9s de las buenas practicas de los laboratorios se pretende lograr el manejo adecuado y su posterior disposici\u00f3n final mediante una empresa prestadora de servicios de residuos solidos.  <\/p>\n\n\n\n<ul><li>\ud83d\udc40<span class=\"has-inline-color has-vivid-cyan-blue-color\"><a rel=\"noreferrer noopener\" href=\"https:\/\/gestionambiental.unap.edu.pe\/?eventos=recojo-de-residuos-peligrosos-de-las-diferentes-facultades-escuelas-profesionales-o-programas-academicos\" data-type=\"URL\" target=\"_blank\"><strong>Ver&#8230; <\/strong><em>Acciones para la gesti\u00f3n de residuos peligrosos.<\/em> <\/a><\/span><a href=\"https:\/\/drive.google.com\/file\/d\/1Eki7NiMhThQSwYVJ87jeNFO0i80eomq1\/view?usp=sharing\" data-type=\"URL\" data-id=\"https:\/\/drive.google.com\/file\/d\/1Eki7NiMhThQSwYVJ87jeNFO0i80eomq1\/view?usp=sharing\"> <\/a><\/li><\/ul>\n\n\n\n<ul><li>\ud83d\udc40<strong><a href=\"https:\/\/drive.google.com\/file\/d\/1Eki7NiMhThQSwYVJ87jeNFO0i80eomq1\/view?usp=sharing\" data-type=\"URL\" data-id=\"https:\/\/drive.google.com\/file\/d\/1Eki7NiMhThQSwYVJ87jeNFO0i80eomq1\/view?usp=sharing\">Ve<\/a><a rel=\"noreferrer noopener\" href=\"https:\/\/drive.google.com\/file\/d\/1Eki7NiMhThQSwYVJ87jeNFO0i80eomq1\/view?usp=sharing\" data-type=\"URL\" data-id=\"https:\/\/drive.google.com\/file\/d\/1Eki7NiMhThQSwYVJ87jeNFO0i80eomq1\/view?usp=sharing\" target=\"_blank\">r&#8230; <\/a><\/strong><em><a rel=\"noreferrer noopener\" href=\"https:\/\/drive.google.com\/file\/d\/1Eki7NiMhThQSwYVJ87jeNFO0i80eomq1\/view?usp=sharing\" data-type=\"URL\" data-id=\"https:\/\/drive.google.com\/file\/d\/1Eki7NiMhThQSwYVJ87jeNFO0i80eomq1\/view?usp=sharing\" target=\"_blank\">Certificaci\u00f3n <\/a><\/em><\/li><\/ul>\n\n\n\n<p><\/p>\n\n\n\n<p><strong>Residuos de Construcci\u00f3n<\/strong><\/p>\n\n\n\n<figure class=\"wp-block-table\"><table><tbody><tr><td><\/td><\/tr><\/tbody><\/table><\/figure>\n\n\n\n<p><\/p>\n<\/div>\n<\/div>\n\n\n\n<h3 class=\"has-light-green-cyan-background-color has-background\">&#8211; \u00c1reas verdes <\/h3>\n\n\n\n<p>La Universidad tiene un total de 18.4 ha de las cuales 6.06 ha pertenecen al bosque universitario y 4.62 ha en parques, alamedas, plazas, campus deportivo etc. Lo cual haciendo un total de 10.68 ha de \u00e1reas verdes, esto implica que cada persona: docente, estudiante y administrativo que trabaja en la ciudad universitaria, que tiene una poblaci\u00f3n aproximada de 18,782 personas, a cada uno le corresponde 6.64 m2 de \u00e1rea verde.<\/p>\n\n\n\n<p>Adem\u00e1s, se concluye que el total de \u00e1reas verdes actualmente representa el 58.04% del \u00e1rea total del campus universitario<\/p>\n\n\n\n<figure class=\"wp-block-image size-full\"><img loading=\"lazy\" width=\"1587\" height=\"1122\" src=\"https:\/\/gestionambiental.unap.edu.pe\/wp-content\/uploads\/2022\/11\/fe749ab7-dde2-42e7-a4cf-b34b768df8c5_1.jpg\" alt=\"\" class=\"wp-image-507\"\/><\/figure>\n\n\n\n<h3 class=\"has-light-green-cyan-background-color has-background\">&#8211; Construcci\u00f3n Sostenible <\/h3>\n\n\n\n<ul><li><a href=\"https:\/\/www.youtube.com\/watch?v=ChxLnqtaKMo\" data-type=\"URL\" data-id=\"https:\/\/www.youtube.com\/watch?v=ChxLnqtaKMo\">https:\/\/www.youtube.com\/watch?v=ChxLnqtaKMo<\/a><\/li><\/ul>\n\n\n\n<h3 class=\"has-light-green-cyan-background-color has-background\">&#8211; Huella de carbono <\/h3>\n\n\n\n<p><a rel=\"noreferrer noopener\" href=\"https:\/\/huellacarbonoperu.minam.gob.pe\/huellaperu\/#\/listadoInscritos\/99\" data-type=\"URL\" data-id=\"https:\/\/huellacarbonoperu.minam.gob.pe\/huellaperu\/#\/listadoInscritos\/99\" target=\"_blank\">https:\/\/huellacarbonoperu.minam.gob.pe\/huellaperu\/#\/listadoInscritos\/99<\/a><\/p>\n\n\n\n<div class=\"wp-block-media-text alignwide is-stacked-on-mobile\" style=\"grid-template-columns:15% auto\"><figure class=\"wp-block-media-text__media\"><img loading=\"lazy\" width=\"396\" height=\"439\" src=\"https:\/\/gestionambiental.unap.edu.pe\/wp-content\/uploads\/2022\/12\/diamundialeducacionambiental1.png\" alt=\"\" class=\"wp-image-519 size-full\"\/><\/figure><div class=\"wp-block-media-text__content\">\n<p class=\"has-background has-large-font-size\" style=\"background-color:#b1591b\"><strong>FORMACI\u00d3N<\/strong>    <\/p>\n<\/div><\/div>\n\n\n\n<p><\/p>\n\n\n\n<p><\/p>\n\n\n\n<p><\/p>\n\n\n\n<p><\/p>\n\n\n\n<p><\/p>\n\n\n\n<p><\/p>\n\n\n\n<p><\/p>\n\n\n\n<p><\/p>\n\n\n\n<p><\/p>\n\n\n\n<div class=\"wp-block-media-text alignwide is-stacked-on-mobile\" style=\"grid-template-columns:15% auto\"><figure class=\"wp-block-media-text__media\"><img loading=\"lazy\" width=\"800\" height=\"800\" src=\"https:\/\/gestionambiental.unap.edu.pe\/wp-content\/uploads\/2022\/12\/investigacion-ecologica-ilustracion-vectorial-de-dibujos-animados-concepto-ecologia-microscopio-y-hoja-ciencias-ambientales-169978854.png\" alt=\"\" class=\"wp-image-520 size-full\"\/><\/figure><div class=\"wp-block-media-text__content\">\n<p class=\"has-pale-cyan-blue-background-color has-background has-large-font-size\"><strong>INVESTIGACI\u00d3N<\/strong><\/p>\n<\/div><\/div>\n\n\n\n<p><\/p>\n\n\n\n<p><\/p>\n\n\n\n<p><\/p>\n\n\n\n<p><\/p>\n\n\n\n<div class=\"wp-block-media-text alignwide is-stacked-on-mobile\" style=\"grid-template-columns:15% auto\"><figure class=\"wp-block-media-text__media\"><img loading=\"lazy\" width=\"736\" height=\"693\" src=\"https:\/\/gestionambiental.unap.edu.pe\/wp-content\/uploads\/2022\/12\/9ac387a1f8e56b54cc8f3f486c3ae12d.png\" alt=\"\" class=\"wp-image-521 size-full\"\/><\/figure><div class=\"wp-block-media-text__content\">\n<p class=\"has-pale-pink-background-color has-background has-large-font-size\"><strong>PROYECCI\u00d3N SOCIAL <\/strong><\/p>\n<\/div><\/div>\n\n\n\n<p><\/p>\n","protected":false},"excerpt":{"rendered":"<p>GESTI\u00d3N AMBIENTAL Energ\u00eda Agua Papel Pl\u00e1stico Residuos S\u00f3lidos \u00c1reas verdes &#8211; Fuentes de energ\u00edas renovables La universidad posee fuentes de energ\u00eda renovables instalada y utilizada en la ciudad universitaria y centros experimentales, adem\u00e1s se monitorea la cantidad de energ\u00eda producida. &#8211; Acciones institucionalizadas para reducir el uso de papel y pl\u00e1stico Papel https:\/\/www.youtube.com\/watch?v=v75AYoo5yEk https:\/\/drive.google.com\/file\/d\/1oKyEIR60_L-2LxEbN0a4_t4Zm4Rje2Cv\/view?usp=sharing Pl\u00e1stico [&hellip;]<\/p>\n","protected":false},"author":1,"featured_media":0,"parent":0,"menu_order":0,"comment_status":"closed","ping_status":"closed","template":"","meta":{"_links_to":"","_links_to_target":""},"acf":[],"_links":{"self":[{"href":"https:\/\/gestionambiental.unap.edu.pe\/index.php?rest_route=\/wp\/v2\/pages\/70"}],"collection":[{"href":"https:\/\/gestionambiental.unap.edu.pe\/index.php?rest_route=\/wp\/v2\/pages"}],"about":[{"href":"https:\/\/gestionambiental.unap.edu.pe\/index.php?rest_route=\/wp\/v2\/types\/page"}],"author":[{"embeddable":true,"href":"https:\/\/gestionambiental.unap.edu.pe\/index.php?rest_route=\/wp\/v2\/users\/1"}],"replies":[{"embeddable":true,"href":"https:\/\/gestionambiental.unap.edu.pe\/index.php?rest_route=%2Fwp%2Fv2%2Fcomments&post=70"}],"version-history":[{"count":48,"href":"https:\/\/gestionambiental.unap.edu.pe\/index.php?rest_route=\/wp\/v2\/pages\/70\/revisions"}],"predecessor-version":[{"id":694,"href":"https:\/\/gestionambiental.unap.edu.pe\/index.php?rest_route=\/wp\/v2\/pages\/70\/revisions\/694"}],"wp:attachment":[{"href":"https:\/\/gestionambiental.unap.edu.pe\/index.php?rest_route=%2Fwp%2Fv2%2Fmedia&parent=70"}],"curies":[{"name":"wp","href":"https:\/\/api.w.org\/{rel}","templated":true}]}}